{"id":10,"date":"2016-02-29T15:30:49","date_gmt":"2016-02-29T15:30:49","guid":{"rendered":"https:\/\/kodukantharjumaa.eu\/?page_id=10"},"modified":"2016-03-30T14:45:11","modified_gmt":"2016-03-30T14:45:11","slug":"meist","status":"publish","type":"page","link":"https:\/\/kodukantharjumaa.eu\/?page_id=10","title":{"rendered":"Meist"},"content":{"rendered":"<h4>Kuidas k\u00f5ik alguse sai ehk MT\u00dc Kodukant Harjumaa loomise lugu<\/h4>\n<p><font size=\"2\"><strong>SIRJE VINNI<\/strong> | Kodukant Harjumaa juhatuse esimene esimees<\/font><\/p>\n<p>Selle eest, et KODUKANT HARJUMAA loodud sai, tuleb sedapuhku k\u00fcll Euroopa Liitu kiita. Nimelt Euroliidu mehed sellele m\u00f5ttele tulid, et t\u00f5mmata oma maaelu edendamise ja kogemuste vahetamise v\u00f5rgustikku ka n\u00f5ukogude aegu n\u00e4inud inimesi. Oma kogemusi jagades ja teiste muresid uurides sai selgeks, et ega keegi su elu ei edenda kui sa ise mehe eest v\u00e4ljas ei ole.<br \/>\n\u00d5nneks oli Rootsist Eestimaale juba imporditud ka k\u00fclaliikumise seemet, mis aitas alustada. Ja oli ka hea hulk hakkajaid \u201ck\u00fclahulle\u201d, kes ei pidanud paljuks pealinna \u00fcmbritsevas \u201ckuldses ringis\u201d ka maaelule m\u00f5elda.<br \/>\n\u00dchenduse loomise idee hakkas idanema Ellamaa K\u00fclaarendusseltsi koolitustel, mis sai rahastatud PHARE-st ja oli m\u00f5eldud kogu Harjumaa \u00e4rksatele inimestele. Olemata veel Eesti K\u00fclaliikumise Kodukant liikmed, tuli juba kaasa l\u00fc\u00fca \u00fclalmainitud rahvusvahelise v\u00f5rgustiku algatatud suure n\u00e4itus-seminari organiseerimisel 1998. a s\u00fcgisel.<br \/>\n<strong>Kuidas k\u00f5ik edasi kulges, loe <a href=\"https:\/\/kodukantharjumaa.eu\/wp-content\/uploads\/2016\/02\/SIRJE_VINNI-_KKH_loomise_lugu.pdf\"rel=\"\">siit.<\/a><\/strong><\/p>\n<h4>K\u00fcmmekond aastat Harjumaa k\u00fclaelus (1998-2008)<\/h4>\n<p><font size=\"2\"><strong>J\u00fcri Muru, Anu Altmets<\/strong> | Kodukant Harjumaa juhatuse liikmed<\/font><\/p>\n<p>Kaardile vaadates on Harjumaa kui kikilips, mis jaguneb Ida- ja L\u00e4\u00e4ne-Harjumaaks ja mille kaugemaid punkte lahutab \u00fcksteisest ligemale poolteistsada kilomeetrit. Hoolimata tasasest pinnamoest on Harjumaa loodus kaunis ja vaheldusrikas: p\u00f5hjaranniku poolsaared ja lahed koos suuremate ja v\u00e4iksemate saartega, vahelduvate pinnavormidega ja arvukate metsaj\u00e4rvedega K\u00f5rvemaa, suured karstialad Kostiveres ja Tuhalas, palju liigirikkaid metsi ja soid vaheldumisi aastasadu haritud p\u00f5llumaadega.<br \/>\n10 aastat pole m\u00e4rkimisv\u00e4\u00e4rselt pikk aeg, kuid selle aja jooksul on palju muutunud. K\u00fcmne aasta eest ei osanud meie rahvas kirjutada arengukavasid, ei osatud ega olnud kombekski kirjutada projekte k\u00fclarahva \u00fchis\u00fcritustele erinevatest programmidest toetuste taotlemiseks, ei olnud ei k\u00fclarahval ega vallavalitsusel \u00f5iget ettekujutust k\u00fclavanema rollist. N\u00fc\u00fcd on pilt teine.<br \/>\n<strong>Mis 10 aasta jooksul on veel toimunud, loe <a href=\"https:\/\/kodukantharjumaa.eu\/wp-content\/uploads\/2016\/02\/JYRI_MURU_Anu_altmets_KKH_1998-2008.pdf\"rel=\"\">siit<\/a>.<\/strong><\/p>\n","protected":false},"excerpt":{"rendered":"<p>Kuidas k\u00f5ik alguse sai ehk MT\u00dc Kodukant Harjumaa loomise lugu SIRJE VINNI | Kodukant Harjumaa juhatuse esimene esimees Selle eest, et KODUKANT HARJUMAA loodud sai, tuleb sedapuhku k\u00fcll Euroopa Liitu kiita. Nimelt Euroliidu mehed sellele m\u00f5ttele tulid, et t\u00f5mmata oma maaelu edendamise ja kogemuste vahetamise v\u00f5rgustikku ka n\u00f5ukogude aegu n\u00e4inud inimesi. Oma kogemusi jagades ja &hellip; <a href=\"https:\/\/kodukantharjumaa.eu\/?page_id=10\" class=\"more-link\">Continue reading <span class=\"screen-reader-text\">Meist<\/span> <span class=\"meta-nav\">&rarr;<\/span><\/a><\/p>\n","protected":false},"author":1,"featured_media":0,"parent":0,"menu_order":0,"comment_status":"closed","ping_status":"closed","template":"","meta":{"footnotes":""},"class_list":["post-10","page","type-page","status-publish","hentry"],"_links":{"self":[{"href":"https:\/\/kodukantharjumaa.eu\/index.php?rest_route=\/wp\/v2\/pages\/10"}],"collection":[{"href":"https:\/\/kodukantharjumaa.eu\/index.php?rest_route=\/wp\/v2\/pages"}],"about":[{"href":"https:\/\/kodukantharjumaa.eu\/index.php?rest_route=\/wp\/v2\/types\/page"}],"author":[{"embeddable":true,"href":"https:\/\/kodukantharjumaa.eu\/index.php?rest_route=\/wp\/v2\/users\/1"}],"replies":[{"embeddable":true,"href":"https:\/\/kodukantharjumaa.eu\/index.php?rest_route=%2Fwp%2Fv2%2Fcomments&post=10"}],"version-history":[{"count":5,"href":"https:\/\/kodukantharjumaa.eu\/index.php?rest_route=\/wp\/v2\/pages\/10\/revisions"}],"predecessor-version":[{"id":5588,"href":"https:\/\/kodukantharjumaa.eu\/index.php?rest_route=\/wp\/v2\/pages\/10\/revisions\/5588"}],"wp:attachment":[{"href":"https:\/\/kodukantharjumaa.eu\/index.php?rest_route=%2Fwp%2Fv2%2Fmedia&parent=10"}],"curies":[{"name":"wp","href":"https:\/\/api.w.org\/{rel}","templated":true}]}}