{"id":122,"date":"2016-03-30T14:07:21","date_gmt":"2016-03-30T14:07:21","guid":{"rendered":"https:\/\/kodukantharjumaa.eu\/?page_id=122"},"modified":"2016-03-30T14:14:02","modified_gmt":"2016-03-30T14:14:02","slug":"kulade-kulastuselamused","status":"publish","type":"page","link":"https:\/\/kodukantharjumaa.eu\/?page_id=122","title":{"rendered":"K\u00fclade k\u00fclastuselamused"},"content":{"rendered":"<p>Kodukant Harjumaa algatas 2012 aastal projekti &#8220;K\u00fclastuselamused Harjumaa k\u00fclades&#8221;, mille eesm\u00e4rgiks on anda ettev\u00f5tlikele k\u00fclakogukondadele v\u00f5imalus oma tegevusi ja teenuseid pakkuda ka v\u00e4ljapoole. Projekti k\u00e4igus valmis postkaardikomplekt, milles 24 Harjumaa k\u00fclaseltsi esitlevad v\u00f5imalusi, mida nende koduk\u00fcla pakub. Sellega soovitakse elavdada ka siseturismi ja Harjumaa tuntust v\u00e4ljaspool maakonda. Projekti toetas <strong>kohaliku omaalgatuse programm<\/strong>.<\/p>\n<p><a href=\"https:\/\/kodukantharjumaa.eu\/wp-content\/uploads\/2016\/03\/Ellamaa.pdf\"rel=\"\">Ellamaa<\/a> | <a href=\"https:\/\/kodukantharjumaa.eu\/wp-content\/uploads\/2016\/03\/Kiili.pdf\"rel=\"\">Kiili<\/a> | <a href=\"https:\/\/kodukantharjumaa.eu\/wp-content\/uploads\/2016\/03\/Kolgakyla.pdf\"rel=\"\">Kolgakyla<\/a> | <a href=\"https:\/\/kodukantharjumaa.eu\/wp-content\/uploads\/2016\/03\/Kommaste.pdf\"rel=\"\">Kommaste<\/a> | <a href=\"https:\/\/kodukantharjumaa.eu\/wp-content\/uploads\/2016\/03\/Koue.pdf\"rel=\"\">Koue<\/a> | <a href=\"https:\/\/kodukantharjumaa.eu\/wp-content\/uploads\/2016\/03\/Lilleoru.pdf\"rel=\"\">Lilleoru<\/a> | <a href=\"https:\/\/kodukantharjumaa.eu\/wp-content\/uploads\/2016\/03\/Lilli.pdf\"rel=\"\">Lilli<\/a> | <a href=\"https:\/\/kodukantharjumaa.eu\/wp-content\/uploads\/2016\/03\/Maidla.pdf\"rel=\"\">Maidla<\/a> | <a href=\"https:\/\/kodukantharjumaa.eu\/wp-content\/uploads\/2016\/03\/Metsanurme_info.pdf\"rel=\"\">Metsanurme<\/a> | <a href=\"https:\/\/kodukantharjumaa.eu\/wp-content\/uploads\/2016\/03\/Padise.pdf\"rel=\"\">Padise<\/a> | <a href=\"https:\/\/kodukantharjumaa.eu\/wp-content\/uploads\/2016\/03\/Pringi.pdf\"rel=\"\">Pringi<\/a> | <a href=\"https:\/\/kodukantharjumaa.eu\/wp-content\/uploads\/2016\/03\/Raasiku.pdf\"rel=\"\">Raasiku<\/a> | <a href=\"https:\/\/kodukantharjumaa.eu\/wp-content\/uploads\/2016\/03\/Rae.pdf\"rel=\"\">Rae<\/a> | <a href=\"https:\/\/kodukantharjumaa.eu\/wp-content\/uploads\/2016\/03\/Rootsi-Kallavere.pdf\"rel=\"\">Rootsi-Kallavere<\/a> | <a href=\"https:\/\/kodukantharjumaa.eu\/wp-content\/uploads\/2016\/03\/Ruila.pdf\"rel=\"\">Ruila<\/a> | <a href=\"https:\/\/kodukantharjumaa.eu\/wp-content\/uploads\/2016\/03\/Rummu.pdf\"rel=\"\">Rummu<\/a> | <a href=\"https:\/\/kodukantharjumaa.eu\/wp-content\/uploads\/2016\/03\/Suurupi.pdf\"rel=\"\">Suurupi<\/a> | <a href=\"https:\/\/kodukantharjumaa.eu\/wp-content\/uploads\/2016\/03\/Tuhala.pdf\"rel=\"\">Tuhala<\/a> | <a href=\"https:\/\/kodukantharjumaa.eu\/wp-content\/uploads\/2016\/03\/Vaana.pdf\"rel=\"\">Vaana<\/a> | <a href=\"https:\/\/kodukantharjumaa.eu\/wp-content\/uploads\/2016\/03\/Vanamoisa.pdf\"rel=\"\">Vanam\u00f5isa<\/a> | <a href=\"https:\/\/kodukantharjumaa.eu\/wp-content\/uploads\/2016\/03\/Viikingid.pdf\"rel=\"\">Viikingite k\u00fcla<\/a> | <a href=\"https:\/\/kodukantharjumaa.eu\/wp-content\/uploads\/2016\/03\/Voose.pdf\"rel=\"\">Voose<\/a> | <a href=\"https:\/\/kodukantharjumaa.eu\/wp-content\/uploads\/2016\/03\/Votikmetsa.pdf\"rel=\"\">V\u00f5tikmetsa<\/a> | <a href=\"https:\/\/kodukantharjumaa.eu\/wp-content\/uploads\/2016\/03\/Yksnurme.pdf\"rel=\"\">\u00dcksnurme<\/a><\/p>\n","protected":false},"excerpt":{"rendered":"<p>Kodukant Harjumaa algatas 2012 aastal projekti &#8220;K\u00fclastuselamused Harjumaa k\u00fclades&#8221;, mille eesm\u00e4rgiks on anda ettev\u00f5tlikele k\u00fclakogukondadele v\u00f5imalus oma tegevusi ja teenuseid pakkuda ka v\u00e4ljapoole. Projekti k\u00e4igus valmis postkaardikomplekt, milles 24 Harjumaa k\u00fclaseltsi esitlevad v\u00f5imalusi, mida nende koduk\u00fcla pakub. Sellega soovitakse elavdada ka siseturismi ja Harjumaa tuntust v\u00e4ljaspool maakonda. Projekti toetas kohaliku omaalgatuse programm. Ellamaa | Kiili &hellip; <a href=\"https:\/\/kodukantharjumaa.eu\/?page_id=122\" class=\"more-link\">Continue reading <span class=\"screen-reader-text\">K\u00fclade k\u00fclastuselamused<\/span> <span class=\"meta-nav\">&rarr;<\/span><\/a><\/p>\n","protected":false},"author":1,"featured_media":0,"parent":15,"menu_order":0,"comment_status":"closed","ping_status":"closed","template":"","meta":{"footnotes":""},"class_list":["post-122","page","type-page","status-publish","hentry"],"_links":{"self":[{"href":"https:\/\/kodukantharjumaa.eu\/index.php?rest_route=\/wp\/v2\/pages\/122"}],"collection":[{"href":"https:\/\/kodukantharjumaa.eu\/index.php?rest_route=\/wp\/v2\/pages"}],"about":[{"href":"https:\/\/kodukantharjumaa.eu\/index.php?rest_route=\/wp\/v2\/types\/page"}],"author":[{"embeddable":true,"href":"https:\/\/kodukantharjumaa.eu\/index.php?rest_route=\/wp\/v2\/users\/1"}],"replies":[{"embeddable":true,"href":"https:\/\/kodukantharjumaa.eu\/index.php?rest_route=%2Fwp%2Fv2%2Fcomments&post=122"}],"version-history":[{"count":3,"href":"https:\/\/kodukantharjumaa.eu\/index.php?rest_route=\/wp\/v2\/pages\/122\/revisions"}],"predecessor-version":[{"id":151,"href":"https:\/\/kodukantharjumaa.eu\/index.php?rest_route=\/wp\/v2\/pages\/122\/revisions\/151"}],"up":[{"embeddable":true,"href":"https:\/\/kodukantharjumaa.eu\/index.php?rest_route=\/wp\/v2\/pages\/15"}],"wp:attachment":[{"href":"https:\/\/kodukantharjumaa.eu\/index.php?rest_route=%2Fwp%2Fv2%2Fmedia&parent=122"}],"curies":[{"name":"wp","href":"https:\/\/api.w.org\/{rel}","templated":true}]}}