{"id":15,"date":"2016-02-29T18:02:58","date_gmt":"2016-02-29T18:02:58","guid":{"rendered":"https:\/\/kodukantharjumaa.eu\/?page_id=15"},"modified":"2016-03-30T13:47:04","modified_gmt":"2016-03-30T13:47:04","slug":"projektid","status":"publish","type":"page","link":"https:\/\/kodukantharjumaa.eu\/?page_id=15","title":{"rendered":"Projektid"},"content":{"rendered":"<p>MT\u00dc Kodukant Harjumaa on oma tegevuse jooksul l\u00e4bi viinud mitmeid projekte, mille kohta anname sellel lehel l\u00fchikese \u00fclevaate projektide kaupa.<\/p>\n<p>Projektide kirjeldused leiad alammen\u00fc\u00fc kaudu.<\/p>\n","protected":false},"excerpt":{"rendered":"<p>MT\u00dc Kodukant Harjumaa on oma tegevuse jooksul l\u00e4bi viinud mitmeid projekte, mille kohta anname sellel lehel l\u00fchikese \u00fclevaate projektide kaupa. Projektide kirjeldused leiad alammen\u00fc\u00fc kaudu.<\/p>\n","protected":false},"author":1,"featured_media":0,"parent":0,"menu_order":0,"comment_status":"closed","ping_status":"closed","template":"","meta":{"footnotes":""},"class_list":["post-15","page","type-page","status-publish","hentry"],"_links":{"self":[{"href":"https:\/\/kodukantharjumaa.eu\/index.php?rest_route=\/wp\/v2\/pages\/15"}],"collection":[{"href":"https:\/\/kodukantharjumaa.eu\/index.php?rest_route=\/wp\/v2\/pages"}],"about":[{"href":"https:\/\/kodukantharjumaa.eu\/index.php?rest_route=\/wp\/v2\/types\/page"}],"author":[{"embeddable":true,"href":"https:\/\/kodukantharjumaa.eu\/index.php?rest_route=\/wp\/v2\/users\/1"}],"replies":[{"embeddable":true,"href":"https:\/\/kodukantharjumaa.eu\/index.php?rest_route=%2Fwp%2Fv2%2Fcomments&post=15"}],"version-history":[{"count":4,"href":"https:\/\/kodukantharjumaa.eu\/index.php?rest_route=\/wp\/v2\/pages\/15\/revisions"}],"predecessor-version":[{"id":103,"href":"https:\/\/kodukantharjumaa.eu\/index.php?rest_route=\/wp\/v2\/pages\/15\/revisions\/103"}],"wp:attachment":[{"href":"https:\/\/kodukantharjumaa.eu\/index.php?rest_route=%2Fwp%2Fv2%2Fmedia&parent=15"}],"curies":[{"name":"wp","href":"https:\/\/api.w.org\/{rel}","templated":true}]}}