{"id":317,"date":"2016-12-02T13:50:07","date_gmt":"2016-12-02T13:50:07","guid":{"rendered":"https:\/\/kodukantharjumaa.eu\/?page_id=317"},"modified":"2026-04-08T22:15:43","modified_gmt":"2026-04-08T22:15:43","slug":"ev100","status":"publish","type":"page","link":"https:\/\/kodukantharjumaa.eu\/?page_id=317","title":{"rendered":""},"content":{"rendered":"\t\t<div data-elementor-type=\"wp-page\" data-elementor-id=\"317\" class=\"elementor elementor-317\">\n\t\t\t\t<div class=\"elementor-element elementor-element-44e4757 e-flex e-con-boxed e-con e-parent\" data-id=\"44e4757\" data-element_type=\"container\">\n\t\t\t\t\t<div class=\"e-con-inner\">\n\t\t\t\t<div class=\"elementor-element elementor-element-0e26db6 elementor-widget elementor-widget-image\" data-id=\"0e26db6\" data-element_type=\"widget\" data-widget_type=\"image.default\">\n\t\t\t\t<div class=\"elementor-widget-container\">\n\t\t\t\t\t\t\t\t\t\t\t\t\t<img fetchpriority=\"high\" decoding=\"async\" width=\"300\" height=\"300\" src=\"https:\/\/kodukantharjumaa.eu\/wp-content\/uploads\/2026\/04\/AASTa_Kula_labipaistev_png-01-300x300.png\" class=\"attachment-medium size-medium wp-image-5806\" alt=\"\" srcset=\"https:\/\/kodukantharjumaa.eu\/wp-content\/uploads\/2026\/04\/AASTa_Kula_labipaistev_png-01-300x300.png 300w, https:\/\/kodukantharjumaa.eu\/wp-content\/uploads\/2026\/04\/AASTa_Kula_labipaistev_png-01-1024x1022.png 1024w, https:\/\/kodukantharjumaa.eu\/wp-content\/uploads\/2026\/04\/AASTa_Kula_labipaistev_png-01-150x150.png 150w, https:\/\/kodukantharjumaa.eu\/wp-content\/uploads\/2026\/04\/AASTa_Kula_labipaistev_png-01-768x766.png 768w, https:\/\/kodukantharjumaa.eu\/wp-content\/uploads\/2026\/04\/AASTa_Kula_labipaistev_png-01-1536x1533.png 1536w, https:\/\/kodukantharjumaa.eu\/wp-content\/uploads\/2026\/04\/AASTa_Kula_labipaistev_png-01-2048x2044.png 2048w\" sizes=\"(max-width: 300px) 100vw, 300px\" \/>\t\t\t\t\t\t\t\t\t\t\t\t\t<\/div>\n\t\t\t\t<\/div>\n\t\t\t\t\t<\/div>\n\t\t\t\t<\/div>\n\t\t<div class=\"elementor-element elementor-element-6b7f784 e-con-full e-flex e-con e-parent\" data-id=\"6b7f784\" data-element_type=\"container\">\n\t\t\t\t<div class=\"elementor-element elementor-element-53acc41 elementor-widget elementor-widget-text-editor\" data-id=\"53acc41\" data-element_type=\"widget\" data-widget_type=\"text-editor.default\">\n\t\t\t\t<div class=\"elementor-widget-container\">\n\t\t\t\t\t\t\t<h5><a href=\"https:\/\/kodukantharjumaa.eu\/?page_id=6036\">Aasta k\u00fcla 2026 konkurss on avatud! Lisainfo <span style=\"text-decoration: underline;\">siit<\/span><\/a><\/h5>\t\t\t\t\t\t<\/div>\n\t\t\t\t<\/div>\n\t\t\t\t<\/div>\n\t\t<div class=\"elementor-element elementor-element-0ab8f1b e-con-full e-flex e-con e-parent\" data-id=\"0ab8f1b\" data-element_type=\"container\">\n\t\t\t\t<div class=\"elementor-element elementor-element-31ccd5f elementor-widget elementor-widget-text-editor\" data-id=\"31ccd5f\" data-element_type=\"widget\" data-widget_type=\"text-editor.default\">\n\t\t\t\t<div class=\"elementor-widget-container\">\n\t\t\t\t\t\t\t<h5><strong>Aasta k\u00fcla konkursiga v\u00e4\u00e4rtustatakse tegusaid ja \u00fchtehoidvaid k\u00fclasid!<\/strong><\/h5>\n\n<p>Aunimetus antakse k\u00fclale, k\u00fclade piirkonnale v\u00f5i alevikule, kes on andnud m\u00e4rkimisv\u00e4\u00e4rse panuse kohaliku elukeskkonna arengusse. Konkurss toimub \u00fcle aasta ning selle eesm\u00e4rk on tunnustada aktiivseid kogukondi, jagada h\u00e4id praktikaid ja t\u00f5sta maaelu v\u00e4\u00e4rtust Eesti \u00fchiskonnas.<\/p>\t\t\t\t\t\t<\/div>\n\t\t\t\t<\/div>\n\t\t\t\t<\/div>\n\t\t<div class=\"elementor-element elementor-element-da8d648 e-flex e-con-boxed e-con e-parent\" data-id=\"da8d648\" data-element_type=\"container\">\n\t\t\t\t\t<div class=\"e-con-inner\">\n\t\t\t\t<div class=\"elementor-element elementor-element-6593fc1 elementor-widget elementor-widget-text-editor\" data-id=\"6593fc1\" data-element_type=\"widget\" data-widget_type=\"text-editor.default\">\n\t\t\t\t<div class=\"elementor-widget-container\">\n\t\t\t\t\t\t\t<h6 class=\"isSelectedEnd\"><strong>Tule jaga oma kodukoha lugu &#8211; Aasta k\u00fcla 2026 konkurss on avatud! Lisainfo <a href=\"https:\/\/kodukantharjumaa.eu\/?page_id=6036\"><span style=\"text-decoration: underline;\">siit<\/span><\/a><\/strong><\/h6>\t\t\t\t\t\t<\/div>\n\t\t\t\t<\/div>\n\t\t\t\t\t<\/div>\n\t\t\t\t<\/div>\n\t\t<div class=\"elementor-element elementor-element-2b23b50 e-con-full e-flex e-con e-parent\" data-id=\"2b23b50\" data-element_type=\"container\">\n\t\t\t\t<div class=\"elementor-element elementor-element-8a442af elementor-widget elementor-widget-text-editor\" data-id=\"8a442af\" data-element_type=\"widget\" data-widget_type=\"text-editor.default\">\n\t\t\t\t<div class=\"elementor-widget-container\">\n\t\t\t\t\t\t\t<h2 class=\"center-text\">Harjumaa Aasta K\u00fcla 2024<\/h2>\n\n<h3 class=\"center-text\">Miiduranna k\u00fcla (Viimsi vald)<\/h3>\t\t\t\t\t\t<\/div>\n\t\t\t\t<\/div>\n\t\t\t\t<\/div>\n\t\t<div class=\"elementor-element elementor-element-04a4c33 e-con-full e-flex e-con e-parent\" data-id=\"04a4c33\" data-element_type=\"container\">\n\t\t\t\t<div class=\"elementor-element elementor-element-7e85954 elementor-widget elementor-widget-image\" data-id=\"7e85954\" data-element_type=\"widget\" data-widget_type=\"image.default\">\n\t\t\t\t<div class=\"elementor-widget-container\">\n\t\t\t\t\t\t\t\t\t\t<figure class=\"wp-caption\">\n\t\t\t\t\t\t\t\t\t\t<img decoding=\"async\" width=\"604\" height=\"403\" src=\"https:\/\/kodukantharjumaa.eu\/wp-content\/uploads\/2026\/04\/Aasta-kula-Miiduranna-700x467-1.jpg\" class=\"attachment-large size-large wp-image-5654\" alt=\"\" srcset=\"https:\/\/kodukantharjumaa.eu\/wp-content\/uploads\/2026\/04\/Aasta-kula-Miiduranna-700x467-1.jpg 700w, https:\/\/kodukantharjumaa.eu\/wp-content\/uploads\/2026\/04\/Aasta-kula-Miiduranna-700x467-1-300x200.jpg 300w\" sizes=\"(max-width: 604px) 100vw, 604px\" \/>\t\t\t\t\t\t\t\t\t\t\t<figcaption class=\"widget-image-caption wp-caption-text\">Miiduranna k\u00fcla eestvedajad Moonika Aasna ja Henrik P\u00f5der uue k\u00fclasildiga<\/figcaption>\n\t\t\t\t\t\t\t\t\t\t<\/figure>\n\t\t\t\t\t\t\t<\/div>\n\t\t\t\t<\/div>\n\t\t\t\t<div class=\"elementor-element elementor-element-7fb2ff2 elementor-widget elementor-widget-text-editor\" data-id=\"7fb2ff2\" data-element_type=\"widget\" data-widget_type=\"text-editor.default\">\n\t\t\t\t<div class=\"elementor-widget-container\">\n\t\t\t\t\t\t\t<p>Vana kalurik\u00fcla, mis t\u00e4histas sel aastal oma 435 juubelit, asub Tallinna vahetus naabruses. K\u00fclas, kus elanikke on veidi \u00fcle 300, v\u00e4\u00e4rtustatakse vana ja koos aktiivse kogukonnaga luuakse uusi traditsioone. Aktiivne k\u00fclaselts kaasab l\u00e4bi erinevate tegevuste nii vanu kui noori, nii mehi kui naisi, nii lapsi kui eakaid. Kogukonnas on inimesed hoitud ja m\u00e4rgatud.<\/p>\n\n<p>K\u00fcla p\u00e4rl on mere \u00e4\u00e4res looklev looduslik Lahe tee, mis on ainulaadne mere\u00e4\u00e4rne romantiline k\u00fclatee, kus on jalutanud kunagised p\u00f5lised miidurandlased ja kust on merele mindud aegade algusest. Milline vaade avaneb sealt Tallinna linnale! Kogukond hoolitseb selle eest, et ajaloolisest jalgteest ei saaks mere\u00e4\u00e4rne asfaltkattega s\u00f5idutee.<\/p>\t\t\t\t\t\t<\/div>\n\t\t\t\t<\/div>\n\t\t\t\t<div class=\"elementor-element elementor-element-a0e1ca8 elementor-widget elementor-widget-image\" data-id=\"a0e1ca8\" data-element_type=\"widget\" data-widget_type=\"image.default\">\n\t\t\t\t<div class=\"elementor-widget-container\">\n\t\t\t\t\t\t\t\t\t\t<figure class=\"wp-caption\">\n\t\t\t\t\t\t\t\t\t\t<img decoding=\"async\" width=\"604\" height=\"439\" src=\"https:\/\/kodukantharjumaa.eu\/wp-content\/uploads\/2026\/04\/Miiduranna-Kula-1024x745.jpg\" class=\"attachment-large size-large wp-image-5656\" alt=\"\" srcset=\"https:\/\/kodukantharjumaa.eu\/wp-content\/uploads\/2026\/04\/Miiduranna-Kula-1024x745.jpg 1024w, https:\/\/kodukantharjumaa.eu\/wp-content\/uploads\/2026\/04\/Miiduranna-Kula-300x218.jpg 300w, https:\/\/kodukantharjumaa.eu\/wp-content\/uploads\/2026\/04\/Miiduranna-Kula-768x559.jpg 768w, https:\/\/kodukantharjumaa.eu\/wp-content\/uploads\/2026\/04\/Miiduranna-Kula-1536x1118.jpg 1536w, https:\/\/kodukantharjumaa.eu\/wp-content\/uploads\/2026\/04\/Miiduranna-Kula-2048x1490.jpg 2048w\" sizes=\"(max-width: 604px) 100vw, 604px\" \/>\t\t\t\t\t\t\t\t\t\t\t<figcaption class=\"widget-image-caption wp-caption-text\">Lahe tee - k\u00fcla p\u00e4rl ja ajalooline jalgtee<\/figcaption>\n\t\t\t\t\t\t\t\t\t\t<\/figure>\n\t\t\t\t\t\t\t<\/div>\n\t\t\t\t<\/div>\n\t\t\t\t<\/div>\n\t\t<div class=\"elementor-element elementor-element-d0f9752 e-con-full e-flex e-con e-parent\" data-id=\"d0f9752\" data-element_type=\"container\">\n\t\t\t\t<div class=\"elementor-element elementor-element-f4d5998 elementor-widget elementor-widget-text-editor\" data-id=\"f4d5998\" data-element_type=\"widget\" data-widget_type=\"text-editor.default\">\n\t\t\t\t<div class=\"elementor-widget-container\">\n\t\t\t\t\t\t\t<p>Miiduranna k\u00fcla on oma olemuselt aedlinlik k\u00fcla, kus saab nautida mere\u00e4\u00e4rseid tegevusi, linnal\u00e4hedust ja vana kalurik\u00fcla milj\u00f6\u00f6d. Vaatamata suurlinna l\u00e4hedusele on Miidurannas s\u00e4ilinud aktiivne k\u00fclaelu \u2013 \u00fcheskoos v\u00f5ideldakse linnastumise vastu.<\/p>\n\n<p>K\u00fclarahvaga koos lahendatakse nii suuri probleeme kui korraldatakse traditsioonilisi s\u00fcndmusi. \u00dcheskoos korrastatud lipuplatsil peetakse k\u00fcla t\u00e4htp\u00e4evi, korraldatakse \u201eTeeme \u00c4ra\u201c talgup\u00e4eva, siit algab traditsiooniline k\u00fcla rongk\u00e4ik ning Kilukarbi kohvikus keedetakse mereveest kalasuppi. Tegevust j\u00e4tkub k\u00f5igile!<\/p>\t\t\t\t\t\t<\/div>\n\t\t\t\t<\/div>\n\t\t\t\t<\/div>\n\t\t<div class=\"elementor-element elementor-element-8db4a41 e-flex e-con-boxed e-con e-parent\" data-id=\"8db4a41\" data-element_type=\"container\">\n\t\t\t\t\t<div class=\"e-con-inner\">\n\t\t\t\t<div class=\"elementor-element elementor-element-2fa10ef elementor-widget elementor-widget-image\" data-id=\"2fa10ef\" data-element_type=\"widget\" data-widget_type=\"image.default\">\n\t\t\t\t<div class=\"elementor-widget-container\">\n\t\t\t\t\t\t\t\t\t\t<figure class=\"wp-caption\">\n\t\t\t\t\t\t\t\t\t\t<img loading=\"lazy\" decoding=\"async\" width=\"604\" height=\"453\" src=\"https:\/\/kodukantharjumaa.eu\/wp-content\/uploads\/2026\/04\/Kulavanem-ja-kulaseltsi-eestvedaja-700x525-1.jpg\" class=\"attachment-large size-large wp-image-5657\" alt=\"\" srcset=\"https:\/\/kodukantharjumaa.eu\/wp-content\/uploads\/2026\/04\/Kulavanem-ja-kulaseltsi-eestvedaja-700x525-1.jpg 700w, https:\/\/kodukantharjumaa.eu\/wp-content\/uploads\/2026\/04\/Kulavanem-ja-kulaseltsi-eestvedaja-700x525-1-300x225.jpg 300w\" sizes=\"(max-width: 604px) 100vw, 604px\" \/>\t\t\t\t\t\t\t\t\t\t\t<figcaption class=\"widget-image-caption wp-caption-text\">K\u00fclavanem Henrik P\u00f5der ja k\u00fclaseltsi eestvedaja Moonika Aasna<\/figcaption>\n\t\t\t\t\t\t\t\t\t\t<\/figure>\n\t\t\t\t\t\t\t<\/div>\n\t\t\t\t<\/div>\n\t\t\t\t\t<\/div>\n\t\t\t\t<\/div>\n\t\t<div class=\"elementor-element elementor-element-fd37373 e-flex e-con-boxed e-con e-parent\" data-id=\"fd37373\" data-element_type=\"container\">\n\t\t\t\t\t<div class=\"e-con-inner\">\n\t\t\t\t<div class=\"elementor-element elementor-element-a4d66ff elementor-widget elementor-widget-image\" data-id=\"a4d66ff\" data-element_type=\"widget\" data-widget_type=\"image.default\">\n\t\t\t\t<div class=\"elementor-widget-container\">\n\t\t\t\t\t\t\t\t\t\t\t\t\t<img loading=\"lazy\" decoding=\"async\" width=\"604\" height=\"453\" src=\"https:\/\/kodukantharjumaa.eu\/wp-content\/uploads\/2026\/04\/Miiduranna-kala-700x525-1.jpg\" class=\"attachment-large size-large wp-image-5658\" alt=\"\" srcset=\"https:\/\/kodukantharjumaa.eu\/wp-content\/uploads\/2026\/04\/Miiduranna-kala-700x525-1.jpg 700w, https:\/\/kodukantharjumaa.eu\/wp-content\/uploads\/2026\/04\/Miiduranna-kala-700x525-1-300x225.jpg 300w\" sizes=\"(max-width: 604px) 100vw, 604px\" \/>\t\t\t\t\t\t\t\t\t\t\t\t\t<\/div>\n\t\t\t\t<\/div>\n\t\t\t\t\t<\/div>\n\t\t\t\t<\/div>\n\t\t<div class=\"elementor-element elementor-element-5426259 e-flex e-con-boxed e-con e-parent\" data-id=\"5426259\" data-element_type=\"container\">\n\t\t\t\t\t<div class=\"e-con-inner\">\n\t\t\t\t<div class=\"elementor-element elementor-element-ccf56e5 elementor-widget elementor-widget-text-editor\" data-id=\"ccf56e5\" data-element_type=\"widget\" data-widget_type=\"text-editor.default\">\n\t\t\t\t<div class=\"elementor-widget-container\">\n\t\t\t\t\t\t\t<div class=\"poem-box\">\n<p><em>\nSuure linna l\u00e4hedal, tema tuledes,<br>\ntuksub s\u00fcda valjemalt, j\u00f5uan p\u00e4rale.<br>\nVanad talud, k\u00fclateed, rohtu kasvand paat,<br>\nkui veel kordki teele minna saaks.<br>\n\u2026<br>\nOmamoodi mereloomi h\u00fclgekivi teab.<br>\n\u00dcheskoos siin s\u00f6\u00f6di-joodi, kuid kas enam eal.<br>\nTulge kokku, vennad-\u00f5ed, p\u00e4ike loojub pea,<br>\nl\u00f5kke \u00fcmber koos on soe ja hea\u2026\n<\/em><\/p>\n\n<p><em>K\u00fcla sind ootab\u2026 (Miiduranna laul 2024)<\/em><\/p>\n<\/div>\t\t\t\t\t\t<\/div>\n\t\t\t\t<\/div>\n\t\t\t\t\t<\/div>\n\t\t\t\t<\/div>\n\t\t<div class=\"elementor-element elementor-element-7873959 e-flex e-con-boxed e-con e-parent\" data-id=\"7873959\" data-element_type=\"container\">\n\t\t\t\t\t<div class=\"e-con-inner\">\n\t\t\t\t<div class=\"elementor-element elementor-element-e49ba27 elementor-widget elementor-widget-text-editor\" data-id=\"e49ba27\" data-element_type=\"widget\" data-widget_type=\"text-editor.default\">\n\t\t\t\t<div class=\"elementor-widget-container\">\n\t\t\t\t\t\t\t<h5><strong>2024. aasta esitatud kandidaadid:<\/strong><\/h5>\n\n<ul class=\"file-list\">\n<li><a href=\"https:\/\/kodukantharjumaa.eu\/wp-content\/uploads\/2026\/04\/Aasta-kula-ankeet-2024_Miiduranna-Kula.pdf\" target=\"_blank\" rel=\"noopener\">Miiduranna k\u00fcla<\/a><\/li>\n\n<li><a href=\"https:\/\/kodukantharjumaa.eu\/wp-content\/uploads\/2026\/04\/Aasta-kula-ankeet-2024-Rae-kula.pdf\" target=\"_blank\" rel=\"noopener\">Rae k\u00fcla<\/a><\/li>\n\n<li><a href=\"https:\/\/kodukantharjumaa.eu\/wp-content\/uploads\/2026\/04\/Aasta-kula-ankeet-2024-Alavere.pdf\" target=\"_blank\" rel=\"noopener\">Alavere k\u00fcla<\/a><\/li>\n\n<li><a href=\"https:\/\/kodukantharjumaa.eu\/wp-content\/uploads\/2026\/04\/Aasta-kula-ankeet-2024_Kolu.pdf\" target=\"_blank\" rel=\"noopener\">Kolu k\u00fcla<\/a><\/li>\n\n<li><a href=\"https:\/\/kodukantharjumaa.eu\/wp-content\/uploads\/2026\/04\/Aasta-kula-ankeet-2024_Valgejoe-kula.pdf\" target=\"_blank\" rel=\"noopener\">Valgej\u00f5e k\u00fcla<\/a><\/li>\n\n<li><a href=\"https:\/\/kodukantharjumaa.eu\/wp-content\/uploads\/2026\/04\/Aasta-kula-ankeet-2024_Someru.pdf\" target=\"_blank\" rel=\"noopener\">S\u00f5meru k\u00fcla<\/a><\/li>\n\n<li><a href=\"https:\/\/kodukantharjumaa.eu\/wp-content\/uploads\/2026\/04\/Aasta-kula-ankeet-2024-Suurupi.pdf\" target=\"_blank\" rel=\"noopener\">Suurupi<\/a><\/li>\n\n<li><a href=\"https:\/\/kodukantharjumaa.eu\/wp-content\/uploads\/2026\/04\/Aasta-kula-ankeet-2024_-Suursoo.pdf\" target=\"_blank\" rel=\"noopener\">Suursoo k\u00fcla<\/a><\/li>\t\t\t\t\t\t<\/div>\n\t\t\t\t<\/div>\n\t\t\t\t\t<\/div>\n\t\t\t\t<\/div>\n\t\t<div class=\"elementor-element elementor-element-38e4875 e-flex e-con-boxed e-con e-parent\" data-id=\"38e4875\" data-element_type=\"container\">\n\t\t\t\t\t<div class=\"e-con-inner\">\n\t\t\t\t<div class=\"elementor-element elementor-element-690a72c elementor-widget elementor-widget-text-editor\" data-id=\"690a72c\" data-element_type=\"widget\" data-widget_type=\"text-editor.default\">\n\t\t\t\t<div class=\"elementor-widget-container\">\n\t\t\t\t\t\t\t<p>Konkursi eesm\u00e4rk on avaldada avalikku tunnustust k\u00fcladele tulemusliku kogukondliku tegutsemise eest ning teadvustada maa- ja k\u00fclaelu olulisust. Konkursile saab esitada k\u00fcla, k\u00fclade piirkonna v\u00f5i aleviku.<\/p>\n\n<p>Harjumaa Aasta K\u00fcla valimine toimub hindamiskomisjoni antud hinnete p\u00f5hjal. Esmalt hinnatakse kandidaatide kirjalikke ankeete, seej\u00e4rel k\u00fclastatakse k\u00fclasid.<\/p>\n\n<p>Hindamiskomisjoni kuuluvad Kodukant Harjumaa, <a href=\"https:\/\/www.hol.ee\/\" target=\"_blank\" rel=\"noopener\">Harjumaa Omavalitsuste Liit<\/a>, <a href=\"https:\/\/www.heak.ee\/\" target=\"_blank\" rel=\"noopener\">Harju Ettev\u00f5tlus- ja Arenduskeskus<\/a> ning Harjumaa Aasta K\u00fcla 2022 \u2013 Leesi k\u00fcla esindajad.<\/p>\n\n<p>Harjumaa Aasta K\u00fcla valimise algatas Kodukant Harjumaa 2005. aastal, mil <a href=\"https:\/\/kodukant.ee\/tegemised\/aasta-kula\/\">Eesti K\u00fclaliikumine Kodukant<\/a> hakkas \u00fcle aasta valima aasta k\u00fcla. Aasta K\u00fcla valitakse \u00fcle aasta.<\/p>\t\t\t\t\t\t<\/div>\n\t\t\t\t<\/div>\n\t\t\t\t\t<\/div>\n\t\t\t\t<\/div>\n\t\t<div class=\"elementor-element elementor-element-0ff314c e-flex e-con-boxed e-con e-parent\" data-id=\"0ff314c\" data-element_type=\"container\">\n\t\t\t\t\t<div class=\"e-con-inner\">\n\t\t\t\t<div class=\"elementor-element elementor-element-d0dfc35 elementor-widget-divider--view-line elementor-widget elementor-widget-divider\" data-id=\"d0dfc35\" data-element_type=\"widget\" data-widget_type=\"divider.default\">\n\t\t\t\t<div class=\"elementor-widget-container\">\n\t\t\t\t\t<div class=\"elementor-divider\">\n\t\t\t<span class=\"elementor-divider-separator\">\n\t\t\t\t\t\t<\/span>\n\t\t<\/div>\n\t\t\t\t<\/div>\n\t\t\t\t<\/div>\n\t\t\t\t\t<\/div>\n\t\t\t\t<\/div>\n\t\t<div class=\"elementor-element elementor-element-e924896 e-flex e-con-boxed e-con e-parent\" data-id=\"e924896\" data-element_type=\"container\">\n\t\t\t\t\t<div class=\"e-con-inner\">\n\t\t\t\t<div class=\"elementor-element elementor-element-f6c2a22 elementor-widget elementor-widget-text-editor\" data-id=\"f6c2a22\" data-element_type=\"widget\" data-widget_type=\"text-editor.default\">\n\t\t\t\t<div class=\"elementor-widget-container\">\n\t\t\t\t\t\t\t<p><span style=\"color: #f57d00;\"><strong>Harjumaa Aasta K\u00fclad:<\/strong><\/span><\/p><p><strong>2024<\/strong> \u2013 Miiduranna k\u00fcla (Viimsi vald)<br \/><strong>2022<\/strong>\u00a0\u2013 Leesi\u00a0 k\u00fcla (Kuusalu vald)<br \/><strong>2021<\/strong>\u00a0\u2013 Eestimaa aasta k\u00fclaks sai Viskla k\u00fcla<br \/><strong>2020<\/strong>\u00a0\u2013 Viskla k\u00fcla (Kose vald)<br \/><strong>2018<\/strong>\u00a0\u2013 Suursoo k\u00fcla (Rae vald)<br \/><strong>2016<\/strong>\u00a0\u2013 Kelvingi k\u00fcla (Viimsi vald)<br \/><strong>2015<\/strong>\u00a0\u2013 Viskla k\u00fcla (Kose vald)<br \/><strong>2014<\/strong>\u00a0\u2013 H\u00e4rma k\u00fcla (Raasiku vald)<br \/><strong>2012<\/strong>\u00a0\u2013 \u00c4\u00e4sm\u00e4e ja Tagametsa k\u00fclad (Saue vald)<br \/><strong>2011<\/strong>\u00a0\u2013 Metsanurme k\u00fcla (Saku vald)<br \/><strong>2009<\/strong>\u00a0\u2013 Juminda k\u00fcla (Kuusalu vald)<br \/><strong>2007<\/strong>\u00a0\u2013 Pikva-Arava k\u00fclade piirkond (Anija vald)<br \/><strong>2005<\/strong>\u00a0\u2013 Ohtu k\u00fcla (Keila vald)<\/p>\t\t\t\t\t\t<\/div>\n\t\t\t\t<\/div>\n\t\t\t\t\t<\/div>\n\t\t\t\t<\/div>\n\t\t\t\t<\/div>\n\t\t","protected":false},"excerpt":{"rendered":"<p>Aasta k\u00fcla 2026 konkurss on avatud! Lisainfo siit Aasta k\u00fcla konkursiga v\u00e4\u00e4rtustatakse tegusaid ja \u00fchtehoidvaid k\u00fclasid! Aunimetus antakse k\u00fclale, k\u00fclade piirkonnale v\u00f5i alevikule, kes on andnud m\u00e4rkimisv\u00e4\u00e4rse panuse kohaliku elukeskkonna arengusse. Konkurss toimub \u00fcle aasta ning selle eesm\u00e4rk on tunnustada aktiivseid kogukondi, jagada h\u00e4id praktikaid ja t\u00f5sta maaelu v\u00e4\u00e4rtust Eesti \u00fchiskonnas. Tule jaga oma kodukoha &hellip; <a href=\"https:\/\/kodukantharjumaa.eu\/?page_id=317\" class=\"more-link\">Continue reading <span class=\"screen-reader-text\"><\/span> <span class=\"meta-nav\">&rarr;<\/span><\/a><\/p>\n","protected":false},"author":7,"featured_media":0,"parent":0,"menu_order":0,"comment_status":"closed","ping_status":"closed","template":"","meta":{"footnotes":""},"class_list":["post-317","page","type-page","status-publish","hentry"],"_links":{"self":[{"href":"https:\/\/kodukantharjumaa.eu\/index.php?rest_route=\/wp\/v2\/pages\/317"}],"collection":[{"href":"https:\/\/kodukantharjumaa.eu\/index.php?rest_route=\/wp\/v2\/pages"}],"about":[{"href":"https:\/\/kodukantharjumaa.eu\/index.php?rest_route=\/wp\/v2\/types\/page"}],"author":[{"embeddable":true,"href":"https:\/\/kodukantharjumaa.eu\/index.php?rest_route=\/wp\/v2\/users\/7"}],"replies":[{"embeddable":true,"href":"https:\/\/kodukantharjumaa.eu\/index.php?rest_route=%2Fwp%2Fv2%2Fcomments&post=317"}],"version-history":[{"count":5,"href":"https:\/\/kodukantharjumaa.eu\/index.php?rest_route=\/wp\/v2\/pages\/317\/revisions"}],"predecessor-version":[{"id":6219,"href":"https:\/\/kodukantharjumaa.eu\/index.php?rest_route=\/wp\/v2\/pages\/317\/revisions\/6219"}],"wp:attachment":[{"href":"https:\/\/kodukantharjumaa.eu\/index.php?rest_route=%2Fwp%2Fv2%2Fmedia&parent=317"}],"curies":[{"name":"wp","href":"https:\/\/api.w.org\/{rel}","templated":true}]}}