{"id":4,"date":"2016-02-29T14:43:29","date_gmt":"2016-02-29T14:43:29","guid":{"rendered":"https:\/\/kodukantharjumaa.eu\/?page_id=4"},"modified":"2022-08-08T18:58:54","modified_gmt":"2022-08-08T18:58:54","slug":"avaleht","status":"publish","type":"page","link":"https:\/\/kodukantharjumaa.eu\/","title":{"rendered":"Avaleht"},"content":{"rendered":"<p><!--[custom-facebook-feed]--><\/p>\n<table id=\"frontTable\" cellspacing=\"30\">\n<tbody>\n<tr>\n<td valign=\"top\" width=\"30%\"><a href=\"https:\/\/kodukant.ee\/\"><img decoding=\"async\" class=\"alignnone size-full wp-image-402\" src=\"https:\/\/kodukantharjumaa.eu\/wp-content\/uploads\/2016\/02\/168755_110685932340039_453305_n-1.jpg\" alt=\"168755_110685932340039_453305_n\" width=\"114\" height=\"113\" \/><\/a><\/p>\n<p><a href=\"https:\/\/kodukant.ee\/huvikaitse\/kulatee\/\" target=\"_blank\"><img decoding=\"async\" style=\"height: 40px; padding-right: 20px;\" src=\"wp-content\/themes\/kodukantharjumaa\/img\/logod\/heak.png\" alt=\"\" \/><img decoding=\"async\" class=\"alignnone size-full wp-image-396\" src=\"https:\/\/kodukantharjumaa.eu\/wp-content\/uploads\/2016\/02\/download-1-1.jpg\" alt=\"download (1)\" width=\"144\" height=\"96\" \/><\/a><\/p>\n<p><a href=\"https:\/\/kodukantharjumaa.eu\/?page_id=569\"><img decoding=\"async\" class=\"alignnone size-full wp-image-573\" src=\"https:\/\/kodukantharjumaa.eu\/wp-content\/uploads\/2018\/02\/download-e1524417476783.jpg\" alt=\"download\" width=\"200\" height=\"130\" \/>\u00a0<\/a><\/p>\n<p>&nbsp;<\/td>\n<td style=\"margin-right: 30px;\" valign=\"top\" width=\"40%\">\n<h4><\/h4>\n<h4>Kui kord oled valinud selle koha elamiseks, on sinu v\u00f5imuses muuta see parimaks paigaks kogu maailmas<\/h4>\n<p>Nii k\u00f5lab \u00fchenduse Kodukant Harjumaa moto.<\/p>\n<h4>MT\u00dc Kodukant Harjumaa on asutatud 27. m\u00e4rtsil 1998.<\/h4>\n<p>Meie tegevuse eesm\u00e4rk on Harjumaa maaelu ja k\u00fclade s\u00e4ilimisele, taaselustamisele ja arendamisele kaasaaitamine, k\u00fclaelu kui elustiili toetamine, propageerimine ning erinevate k\u00fclaliikumite \u00fchendamine.<\/td>\n<td valign=\"top\" width=\"30%\"><div class=\"cff-wrapper\"><div id=\"cff\" data-char=\"\" style=\"width:255px; \"><div class=\"cff-error-msg\"><p>Unable to display Facebook posts.<br\/><a href=\"javascript:void(0);\" id=\"cff-show-error\" onclick=\"cffShowError()\">Show error<\/a><script type=\"text\/javascript\">function cffShowError() { document.getElementById(\"cff-error-reason\").style.display = \"block\"; document.getElementById(\"cff-show-error\").style.display = \"none\"; }<\/script><\/p><div id=\"cff-error-reason\">Error: Error validating application. Application has been deleted.<br \/>Type: OAuthException<br \/>Code: 190<br \/>Please refer to our <a href=\"http:\/\/smashballoon.com\/custom-facebook-feed\/docs\/errors\/\" target=\"_blank\">Error Message Reference<\/a>.<\/div><\/div><\/div><\/div><\/td>\n<\/tr>\n<\/tbody>\n<\/table>\n","protected":false},"excerpt":{"rendered":"<p>\u00a0 &nbsp; Kui kord oled valinud selle koha elamiseks, on sinu v\u00f5imuses muuta see parimaks paigaks kogu maailmas Nii k\u00f5lab \u00fchenduse Kodukant Harjumaa moto. MT\u00dc Kodukant Harjumaa on asutatud 27. m\u00e4rtsil 1998. Meie tegevuse eesm\u00e4rk on Harjumaa maaelu ja k\u00fclade s\u00e4ilimisele, taaselustamisele ja arendamisele kaasaaitamine, k\u00fclaelu kui elustiili toetamine, propageerimine ning erinevate k\u00fclaliikumite \u00fchendamine.<\/p>\n","protected":false},"author":1,"featured_media":0,"parent":0,"menu_order":0,"comment_status":"closed","ping_status":"closed","template":"","meta":{"footnotes":""},"class_list":["post-4","page","type-page","status-publish","hentry"],"_links":{"self":[{"href":"https:\/\/kodukantharjumaa.eu\/index.php?rest_route=\/wp\/v2\/pages\/4"}],"collection":[{"href":"https:\/\/kodukantharjumaa.eu\/index.php?rest_route=\/wp\/v2\/pages"}],"about":[{"href":"https:\/\/kodukantharjumaa.eu\/index.php?rest_route=\/wp\/v2\/types\/page"}],"author":[{"embeddable":true,"href":"https:\/\/kodukantharjumaa.eu\/index.php?rest_route=\/wp\/v2\/users\/1"}],"replies":[{"embeddable":true,"href":"https:\/\/kodukantharjumaa.eu\/index.php?rest_route=%2Fwp%2Fv2%2Fcomments&post=4"}],"version-history":[{"count":5,"href":"https:\/\/kodukantharjumaa.eu\/index.php?rest_route=\/wp\/v2\/pages\/4\/revisions"}],"predecessor-version":[{"id":4830,"href":"https:\/\/kodukantharjumaa.eu\/index.php?rest_route=\/wp\/v2\/pages\/4\/revisions\/4830"}],"wp:attachment":[{"href":"https:\/\/kodukantharjumaa.eu\/index.php?rest_route=%2Fwp%2Fv2%2Fmedia&parent=4"}],"curies":[{"name":"wp","href":"https:\/\/api.w.org\/{rel}","templated":true}]}}