{"id":4962,"date":"2023-04-02T17:44:56","date_gmt":"2023-04-02T17:44:56","guid":{"rendered":"https:\/\/kodukantharjumaa.eu\/?page_id=4962"},"modified":"2026-04-01T08:59:46","modified_gmt":"2026-04-01T08:59:46","slug":"harjumaa-kulaliigutajad-kuuldavaks","status":"publish","type":"page","link":"https:\/\/kodukantharjumaa.eu\/?page_id=4962","title":{"rendered":"Harjumaa k\u00fclaliigutajad kuuldavaks Mai 2022-Aprill 2023"},"content":{"rendered":"<p><strong><span style=\"color: #800080;\">Harjumaa k\u00fclaliigutajad<\/span><span style=\"color: #800080;\"> kuuldavaks<\/span><\/strong><\/p>\n<p><span style=\"color: #000000;\">Projekti kestus 1.05.2022-1.04.2023<br \/>\nProjekti toetab Kohaliku Omaalgatuse Programm<br \/>\nProjekti eelarve 2791\u20ac<\/span><\/p>\n<p>Projekt aitas kaasa Eesti k\u00fclade XIV Maap\u00e4eva \u00f5nnestumisele l\u00e4bi motiveeritud korraldustoimkonna, mis koosnes Harjumaa k\u00fclaliigutajatest. Korraldusmeeskonna \u00fchiskoosolek ja hilisem t\u00e4nus\u00fcndmus liitis osalejaid ning oli motivatsiooniks j\u00e4tkuvale koost\u00f6\u00f6le. Lisaks eelnevale salvestati 5 kogukonna eestvedajaga intervjuud &#8220;K\u00fcla s\u00fcdames&#8221; ning helifailid j\u00e4\u00e4vad avalikkusele kuulamiseks. Koos eelneva projektiga on kokku salvestatud 10 intervjuud, mis on taskuh\u00e4\u00e4lingutena kuulatavad:\u00a0<a href=\"https:\/\/podcasters.spotify.com\/pod\/show\/kodukant-harjumaa\">https:\/\/podcasters.spotify.com\/pod\/show\/kodukant-harjumaa<\/a><\/p>\n","protected":false},"excerpt":{"rendered":"<p>Harjumaa k\u00fclaliigutajad kuuldavaks Projekti kestus 1.05.2022-1.04.2023 Projekti toetab Kohaliku Omaalgatuse Programm Projekti eelarve 2791\u20ac Projekt aitas kaasa Eesti k\u00fclade XIV Maap\u00e4eva \u00f5nnestumisele l\u00e4bi motiveeritud korraldustoimkonna, mis koosnes Harjumaa k\u00fclaliigutajatest. Korraldusmeeskonna \u00fchiskoosolek ja hilisem t\u00e4nus\u00fcndmus liitis osalejaid ning oli motivatsiooniks j\u00e4tkuvale koost\u00f6\u00f6le. Lisaks eelnevale salvestati 5 kogukonna eestvedajaga intervjuud &#8220;K\u00fcla s\u00fcdames&#8221; ning helifailid j\u00e4\u00e4vad avalikkusele kuulamiseks. &hellip; <a href=\"https:\/\/kodukantharjumaa.eu\/?page_id=4962\" class=\"more-link\">Continue reading <span class=\"screen-reader-text\">Harjumaa k\u00fclaliigutajad kuuldavaks Mai 2022-Aprill 2023<\/span> <span class=\"meta-nav\">&rarr;<\/span><\/a><\/p>\n","protected":false},"author":7,"featured_media":0,"parent":0,"menu_order":0,"comment_status":"closed","ping_status":"closed","template":"","meta":{"footnotes":""},"class_list":["post-4962","page","type-page","status-publish","hentry"],"_links":{"self":[{"href":"https:\/\/kodukantharjumaa.eu\/index.php?rest_route=\/wp\/v2\/pages\/4962"}],"collection":[{"href":"https:\/\/kodukantharjumaa.eu\/index.php?rest_route=\/wp\/v2\/pages"}],"about":[{"href":"https:\/\/kodukantharjumaa.eu\/index.php?rest_route=\/wp\/v2\/types\/page"}],"author":[{"embeddable":true,"href":"https:\/\/kodukantharjumaa.eu\/index.php?rest_route=\/wp\/v2\/users\/7"}],"replies":[{"embeddable":true,"href":"https:\/\/kodukantharjumaa.eu\/index.php?rest_route=%2Fwp%2Fv2%2Fcomments&post=4962"}],"version-history":[{"count":5,"href":"https:\/\/kodukantharjumaa.eu\/index.php?rest_route=\/wp\/v2\/pages\/4962\/revisions"}],"predecessor-version":[{"id":5473,"href":"https:\/\/kodukantharjumaa.eu\/index.php?rest_route=\/wp\/v2\/pages\/4962\/revisions\/5473"}],"wp:attachment":[{"href":"https:\/\/kodukantharjumaa.eu\/index.php?rest_route=%2Fwp%2Fv2%2Fmedia&parent=4962"}],"curies":[{"name":"wp","href":"https:\/\/api.w.org\/{rel}","templated":true}]}}