{"id":5086,"date":"2024-08-23T06:46:39","date_gmt":"2024-08-23T06:46:39","guid":{"rendered":"https:\/\/kodukantharjumaa.eu\/?page_id=5086"},"modified":"2026-04-08T21:54:53","modified_gmt":"2026-04-08T21:54:53","slug":"maapaev-2024","status":"publish","type":"page","link":"https:\/\/kodukantharjumaa.eu\/?page_id=5086","title":{"rendered":"Maap\u00e4ev 2024"},"content":{"rendered":"\t\t<div data-elementor-type=\"wp-page\" data-elementor-id=\"5086\" class=\"elementor elementor-5086\">\n\t\t\t\t<div class=\"elementor-element elementor-element-1b8ff2cc e-flex e-con-boxed e-con e-parent\" data-id=\"1b8ff2cc\" data-element_type=\"container\">\n\t\t\t\t\t<div class=\"e-con-inner\">\n\t\t\t\t<div class=\"elementor-element elementor-element-71b73588 elementor-widget elementor-widget-text-editor\" data-id=\"71b73588\" data-element_type=\"widget\" data-widget_type=\"text-editor.default\">\n\t\t\t\t<div class=\"elementor-widget-container\">\n\t\t\t\t\t\t\t<h4>XV Maap\u00e4ev 17.\u201318. august 2024, V\u00f5rumaa<\/h4>\n\n<p>Selle maap\u00e4eva teemaks oli \u201eVunki k\u00fclale\u201c. Maap\u00e4eva korraldasid Eesti K\u00fclaliikumine Kodukant ja V\u00f5rumaa Arenduskeskus.<\/p>\n\n<p>M\u00f5ttetalgud toimusid seitsmes V\u00f5rumaa k\u00fclas. Maap\u00e4eva teemaarutelude kohta loe <a href=\"https:\/\/loometalgud.ee\/\" target=\"_blank\" rel=\"noopener\">siit<\/a>.<\/p>\n\n<p>M\u00f5ttetalgute tulemuste kokkuv\u00f5tted on aluseks j\u00e4rgmisel p\u00e4eval h\u00e4\u00e4letatava dokumendi \u201eXV Eesti k\u00fclade Maap\u00e4eva s\u00f5numid Eesti juhtidele ja k\u00fclakogukondadele aastateks 2024\u20132026\u201c koostamiseks.<\/p>\n\n<p>Maap\u00e4eva avamise <a href=\"https:\/\/kodukant.ee\/wp-content\/uploads\/2024\/08\/Andes-vunki-kulale-annate-te-vunki-kogu-Eestile-Eesti-Vabariigi-president-Alar-Karis-avas-Vorus-15.pdf\" target=\"_blank\" rel=\"noopener\">pressiteade<\/a>. Maap\u00e4eva programmi vaata <a href=\"https:\/\/kodukant.ee\/wp-content\/uploads\/2024\/08\/xv-Maapaeva-programm.pdf\" target=\"_blank\" rel=\"noopener\">siit<\/a>.<\/p>\n\n<p>Avatseremoonia <a href=\"https:\/\/kodukant.ee\/maapaev-2024\/\">pildigalerii<\/a>.<\/p>\n\n<p>K\u00fclaliikumise suunised aastani 2026: <a href=\"https:\/\/kodukant.ee\/wp-content\/uploads\/2024\/08\/Maapaeva-7-sonumit.pdf\" target=\"_blank\" rel=\"noopener\">Maap\u00e4eva 7 s\u00f5numit<\/a>.<\/p>\t\t\t\t\t\t<\/div>\n\t\t\t\t<\/div>\n\t\t\t\t\t<\/div>\n\t\t\t\t<\/div>\n\t\t<div class=\"elementor-element elementor-element-7e5f135 e-flex e-con-boxed e-con e-parent\" data-id=\"7e5f135\" data-element_type=\"container\">\n\t\t\t\t\t<div class=\"e-con-inner\">\n\t\t\t\t<div class=\"elementor-element elementor-element-bf3644f elementor-widget elementor-widget-image\" data-id=\"bf3644f\" data-element_type=\"widget\" data-widget_type=\"image.default\">\n\t\t\t\t<div class=\"elementor-widget-container\">\n\t\t\t\t\t\t\t\t\t\t<figure class=\"wp-caption\">\n\t\t\t\t\t\t\t\t\t\t\t<a href=\"https:\/\/kodukant.ee\/tegemised\/maapaev\/\" target=\"_blank\">\n\t\t\t\t\t\t\t<img fetchpriority=\"high\" decoding=\"async\" width=\"604\" height=\"208\" src=\"https:\/\/kodukantharjumaa.eu\/wp-content\/uploads\/2026\/04\/2024-Maapaev-Foto-Aare-Hindremae-1024x353.jpg\" class=\"attachment-large size-large wp-image-5569\" alt=\"\" srcset=\"https:\/\/kodukantharjumaa.eu\/wp-content\/uploads\/2026\/04\/2024-Maapaev-Foto-Aare-Hindremae-1024x353.jpg 1024w, https:\/\/kodukantharjumaa.eu\/wp-content\/uploads\/2026\/04\/2024-Maapaev-Foto-Aare-Hindremae-300x103.jpg 300w, https:\/\/kodukantharjumaa.eu\/wp-content\/uploads\/2026\/04\/2024-Maapaev-Foto-Aare-Hindremae-768x265.jpg 768w, https:\/\/kodukantharjumaa.eu\/wp-content\/uploads\/2026\/04\/2024-Maapaev-Foto-Aare-Hindremae.jpg 1505w\" sizes=\"(max-width: 604px) 100vw, 604px\" \/>\t\t\t\t\t\t\t\t<\/a>\n\t\t\t\t\t\t\t\t\t\t\t<figcaption class=\"widget-image-caption wp-caption-text\">Maap\u00e4ev 2024. Foto: Aare Hindrem\u00e4e.<\/figcaption>\n\t\t\t\t\t\t\t\t\t\t<\/figure>\n\t\t\t\t\t\t\t<\/div>\n\t\t\t\t<\/div>\n\t\t\t\t\t<\/div>\n\t\t\t\t<\/div>\n\t\t\t\t<\/div>\n\t\t","protected":false},"excerpt":{"rendered":"<p>XV Maap\u00e4ev 17.\u201318. august 2024, V\u00f5rumaa Selle maap\u00e4eva teemaks oli \u201eVunki k\u00fclale\u201c. Maap\u00e4eva korraldasid Eesti K\u00fclaliikumine Kodukant ja V\u00f5rumaa Arenduskeskus. M\u00f5ttetalgud toimusid seitsmes V\u00f5rumaa k\u00fclas. Maap\u00e4eva teemaarutelude kohta loe siit. M\u00f5ttetalgute tulemuste kokkuv\u00f5tted on aluseks j\u00e4rgmisel p\u00e4eval h\u00e4\u00e4letatava dokumendi \u201eXV Eesti k\u00fclade Maap\u00e4eva s\u00f5numid Eesti juhtidele ja k\u00fclakogukondadele aastateks 2024\u20132026\u201c koostamiseks. Maap\u00e4eva avamise pressiteade. Maap\u00e4eva &hellip; <a href=\"https:\/\/kodukantharjumaa.eu\/?page_id=5086\" class=\"more-link\">Continue reading <span class=\"screen-reader-text\">Maap\u00e4ev 2024<\/span> <span class=\"meta-nav\">&rarr;<\/span><\/a><\/p>\n","protected":false},"author":7,"featured_media":0,"parent":0,"menu_order":0,"comment_status":"closed","ping_status":"closed","template":"","meta":{"footnotes":""},"class_list":["post-5086","page","type-page","status-publish","hentry"],"_links":{"self":[{"href":"https:\/\/kodukantharjumaa.eu\/index.php?rest_route=\/wp\/v2\/pages\/5086"}],"collection":[{"href":"https:\/\/kodukantharjumaa.eu\/index.php?rest_route=\/wp\/v2\/pages"}],"about":[{"href":"https:\/\/kodukantharjumaa.eu\/index.php?rest_route=\/wp\/v2\/types\/page"}],"author":[{"embeddable":true,"href":"https:\/\/kodukantharjumaa.eu\/index.php?rest_route=\/wp\/v2\/users\/7"}],"replies":[{"embeddable":true,"href":"https:\/\/kodukantharjumaa.eu\/index.php?rest_route=%2Fwp%2Fv2%2Fcomments&post=5086"}],"version-history":[{"count":5,"href":"https:\/\/kodukantharjumaa.eu\/index.php?rest_route=\/wp\/v2\/pages\/5086\/revisions"}],"predecessor-version":[{"id":6183,"href":"https:\/\/kodukantharjumaa.eu\/index.php?rest_route=\/wp\/v2\/pages\/5086\/revisions\/6183"}],"wp:attachment":[{"href":"https:\/\/kodukantharjumaa.eu\/index.php?rest_route=%2Fwp%2Fv2%2Fmedia&parent=5086"}],"curies":[{"name":"wp","href":"https:\/\/api.w.org\/{rel}","templated":true}]}}